{"id":1301,"date":"2022-10-28T02:48:28","date_gmt":"2022-10-28T02:48:28","guid":{"rendered":"https:\/\/opfe.vn\/?page_id=1301"},"modified":"2025-01-06T14:20:16","modified_gmt":"2025-01-06T07:20:16","slug":"thanh-toan","status":"publish","type":"page","link":"https:\/\/opfe.vn\/index.php\/thanh-toan\/","title":{"rendered":"H\u01b0\u1edbng d\u1eabn thanh to\u00e1n"},"content":{"rendered":"\t\t<div data-elementor-type=\"wp-page\" data-elementor-id=\"1301\" class=\"elementor elementor-1301\">\n\t\t\t\t\t\t<section class=\"elementor-section elementor-top-section elementor-element elementor-element-fb0497d elementor-section-height-min-height elementor-section-boxed elementor-section-height-default elementor-section-items-middle\" data-id=\"fb0497d\" data-element_type=\"section\" data-e-type=\"section\" data-settings=\"{&quot;background_background&quot;:&quot;classic&quot;}\">\n\t\t\t\t\t\t\t<div class=\"elementor-background-overlay\"><\/div>\n\t\t\t\t\t\t\t<div class=\"elementor-container elementor-column-gap-no\">\n\t\t\t\t\t<div class=\"elementor-column elementor-col-100 elementor-top-column elementor-element elementor-element-325f11c\" data-id=\"325f11c\" data-element_type=\"column\" data-e-type=\"column\">\n\t\t\t<div class=\"elementor-widget-wrap elementor-element-populated\">\n\t\t\t\t\t\t<div class=\"elementor-element elementor-element-25b39bd elementor-widget elementor-widget-heading\" data-id=\"25b39bd\" data-element_type=\"widget\" data-e-type=\"widget\" data-widget_type=\"heading.default\">\n\t\t\t\t<div class=\"elementor-widget-container\">\n\t\t\t\t\t<h1 class=\"elementor-heading-title elementor-size-default\">Thanh to\u00e1n<\/h1>\t\t\t\t<\/div>\n\t\t\t\t<\/div>\n\t\t\t\t\t<\/div>\n\t\t<\/div>\n\t\t\t\t\t<\/div>\n\t\t<\/section>\n\t\t\t\t<section class=\"elementor-section elementor-top-section elementor-element elementor-element-6233d5b elementor-section-boxed elementor-section-height-default elementor-section-height-default\" data-id=\"6233d5b\" data-element_type=\"section\" data-e-type=\"section\">\n\t\t\t\t\t\t\t<div class=\"elementor-background-overlay\"><\/div>\n\t\t\t\t\t\t\t<div class=\"elementor-container elementor-column-gap-no\">\n\t\t\t\t\t<div class=\"elementor-column elementor-col-50 elementor-top-column elementor-element elementor-element-4d7ad86\" data-id=\"4d7ad86\" data-element_type=\"column\" data-e-type=\"column\">\n\t\t\t<div class=\"elementor-widget-wrap elementor-element-populated\">\n\t\t\t\t\t\t<div class=\"elementor-element elementor-element-24b4e03 elementor-widget elementor-widget-heading\" data-id=\"24b4e03\" data-element_type=\"widget\" data-e-type=\"widget\" data-widget_type=\"heading.default\">\n\t\t\t\t<div class=\"elementor-widget-container\">\n\t\t\t\t\t<h5 class=\"elementor-heading-title elementor-size-default\">Natural Excellence<\/h5>\t\t\t\t<\/div>\n\t\t\t\t<\/div>\n\t\t\t\t<div class=\"elementor-element elementor-element-7ef155e elementor-widget elementor-widget-image-box\" data-id=\"7ef155e\" data-element_type=\"widget\" data-e-type=\"widget\" data-widget_type=\"image-box.default\">\n\t\t\t\t<div class=\"elementor-widget-container\">\n\t\t\t\t\t<div class=\"elementor-image-box-wrapper\"><div class=\"elementor-image-box-content\"><h3 class=\"elementor-image-box-title\">Nh\u1eefng n\u1ed9i dung ch\u00ednh:<\/h3><\/div><\/div>\t\t\t\t<\/div>\n\t\t\t\t<\/div>\n\t\t\t\t<div class=\"elementor-element elementor-element-670d2b0 elementor-widget elementor-widget-text-editor\" data-id=\"670d2b0\" data-element_type=\"widget\" data-e-type=\"widget\" data-widget_type=\"text-editor.default\">\n\t\t\t\t<div class=\"elementor-widget-container\">\n\t\t\t\t\t\t\t\t\t<p style=\"text-align: justify;\"><strong>1. Giao h\u00e0ng v\u00e0 thanh to\u00e1n b\u1eb1ng ti\u1ec1n m\u1eb7t t\u1ea1i nh\u00e0<\/strong><\/p><p><strong>2. Thanh to\u00e1n chuy\u1ec3n kho\u1ea3n ng\u00e2n h\u00e0ng \u2013 giao h\u00e0ng qua d\u1ecbch v\u1ee5 chuy\u1ec3n ph\u00e1t nhanh<\/strong><\/p><ul><li><span style=\"color: #ff0000;\">Ch\u1ee7 t\u00e0i kho\u1ea3n &#8220;Cong ty TNHH OPFE Viet Nam&#8221;<\/span><\/li><li><span style=\"color: #ff0000;\">S\u1ed1 t\u00e0i kho\u1ea3n: 013257727 t\u1ea1i &#8220;Ngan hang TMCP Quoc Te Viet Nam (VIB) &#8211; Chi nhanh Minh Khai&#8221;<\/span><\/li><\/ul><p><strong>3. Giao h\u00e0ng v\u00e0 thanh to\u00e1n tr\u1ef1c ti\u1ebfp t\u1ea1i Showroom \/Nh\u00e0 ph\u00e2n ph\u1ed1i c\u1ee7a OPFE<\/strong><\/p><p><strong>4. Ph\u00ed v\u1eadn chuy\u1ec3n + ph\u00ed b\u1ea3o hi\u1ec3m s\u1ea3n ph\u1ea9m<\/strong><\/p><p style=\"text-align: justify;\"><strong>5. C\u00e1c tr\u01b0\u1eddng h\u1ee3p kh\u00e1c<\/strong><\/p>\t\t\t\t\t\t\t\t<\/div>\n\t\t\t\t<\/div>\n\t\t\t\t\t<\/div>\n\t\t<\/div>\n\t\t\t\t<div class=\"elementor-column elementor-col-50 elementor-top-column elementor-element elementor-element-03a6bc5\" data-id=\"03a6bc5\" data-element_type=\"column\" data-e-type=\"column\">\n\t\t\t<div class=\"elementor-widget-wrap elementor-element-populated\">\n\t\t\t\t\t\t<div class=\"elementor-element elementor-element-02ae585 elementor-widget elementor-widget-image\" data-id=\"02ae585\" data-element_type=\"widget\" data-e-type=\"widget\" data-widget_type=\"image.default\">\n\t\t\t\t<div class=\"elementor-widget-container\">\n\t\t\t\t\t\t\t\t\t\t\t\t\t\t\t<img fetchpriority=\"high\" decoding=\"async\" width=\"1080\" height=\"1080\" src=\"https:\/\/opfe.vn\/wp-content\/uploads\/2020\/03\/Cordysin-5.jpg\" class=\"attachment-full size-full wp-image-1480\" alt=\"CordySIN extra\" srcset=\"https:\/\/opfe.vn\/wp-content\/uploads\/2020\/03\/Cordysin-5.jpg 1080w, https:\/\/opfe.vn\/wp-content\/uploads\/2020\/03\/Cordysin-5-300x300.jpg 300w, https:\/\/opfe.vn\/wp-content\/uploads\/2020\/03\/Cordysin-5-1024x1024.jpg 1024w, https:\/\/opfe.vn\/wp-content\/uploads\/2020\/03\/Cordysin-5-150x150.jpg 150w, https:\/\/opfe.vn\/wp-content\/uploads\/2020\/03\/Cordysin-5-768x768.jpg 768w, https:\/\/opfe.vn\/wp-content\/uploads\/2020\/03\/Cordysin-5-600x600.jpg 600w, https:\/\/opfe.vn\/wp-content\/uploads\/2020\/03\/Cordysin-5-100x100.jpg 100w\" sizes=\"(max-width: 1080px) 100vw, 1080px\" \/>\t\t\t\t\t\t\t\t\t\t\t\t\t\t\t<\/div>\n\t\t\t\t<\/div>\n\t\t\t\t\t<\/div>\n\t\t<\/div>\n\t\t\t\t\t<\/div>\n\t\t<\/section>\n\t\t\t\t<section class=\"elementor-section elementor-top-section elementor-element elementor-element-76021eb elementor-section-boxed elementor-section-height-default elementor-section-height-default\" data-id=\"76021eb\" data-element_type=\"section\" data-e-type=\"section\" data-settings=\"{&quot;background_background&quot;:&quot;classic&quot;}\">\n\t\t\t\t\t\t<div class=\"elementor-container elementor-column-gap-no\">\n\t\t\t\t\t<div class=\"elementor-column elementor-col-100 elementor-top-column elementor-element elementor-element-86ee2c3\" data-id=\"86ee2c3\" data-element_type=\"column\" data-e-type=\"column\">\n\t\t\t<div class=\"elementor-widget-wrap elementor-element-populated\">\n\t\t\t\t\t\t<div class=\"elementor-element elementor-element-258d69a elementor-widget elementor-widget-image-carousel\" data-id=\"258d69a\" data-element_type=\"widget\" data-e-type=\"widget\" data-settings=\"{&quot;slides_to_show&quot;:&quot;1&quot;,&quot;navigation&quot;:&quot;none&quot;,&quot;autoplay&quot;:&quot;yes&quot;,&quot;pause_on_hover&quot;:&quot;yes&quot;,&quot;pause_on_interaction&quot;:&quot;yes&quot;,&quot;autoplay_speed&quot;:5000,&quot;infinite&quot;:&quot;yes&quot;,&quot;effect&quot;:&quot;slide&quot;,&quot;speed&quot;:500}\" data-widget_type=\"image-carousel.default\">\n\t\t\t\t<div class=\"elementor-widget-container\">\n\t\t\t\t\t\t\t<div class=\"elementor-image-carousel-wrapper swiper\" role=\"region\" aria-roledescription=\"carousel\" aria-label=\"B\u0103ng chuy\u1ec1n h\u00ecnh \u1ea3nh\" dir=\"ltr\">\n\t\t\t<div class=\"elementor-image-carousel swiper-wrapper swiper-image-stretch\" aria-live=\"off\">\n\t\t\t\t\t\t\t\t<div class=\"swiper-slide\" role=\"group\" aria-roledescription=\"slide\" aria-label=\"1 tr\u00ean 4\"><figure class=\"swiper-slide-inner\"><img decoding=\"async\" class=\"swiper-slide-image\" src=\"https:\/\/opfe.vn\/wp-content\/uploads\/2022\/12\/Setup-32.jpg\" alt=\"Setup (32)\" \/><\/figure><\/div><div class=\"swiper-slide\" role=\"group\" aria-roledescription=\"slide\" aria-label=\"2 tr\u00ean 4\"><figure class=\"swiper-slide-inner\"><img decoding=\"async\" class=\"swiper-slide-image\" src=\"https:\/\/opfe.vn\/wp-content\/uploads\/2022\/12\/Setup-23.jpg\" alt=\"Setup (23)\" \/><\/figure><\/div><div class=\"swiper-slide\" role=\"group\" aria-roledescription=\"slide\" aria-label=\"3 tr\u00ean 4\"><figure class=\"swiper-slide-inner\"><img decoding=\"async\" class=\"swiper-slide-image\" src=\"https:\/\/opfe.vn\/wp-content\/uploads\/2022\/12\/Setup-86.jpg\" alt=\"Setup (86)\" \/><\/figure><\/div><div class=\"swiper-slide\" role=\"group\" aria-roledescription=\"slide\" aria-label=\"4 tr\u00ean 4\"><figure class=\"swiper-slide-inner\"><img decoding=\"async\" class=\"swiper-slide-image\" src=\"https:\/\/opfe.vn\/wp-content\/uploads\/2022\/12\/Setup-7.jpg\" alt=\"Setup (7)\" \/><\/figure><\/div>\t\t\t<\/div>\n\t\t\t\t\t\t\t\n\t\t\t\t\t\t\t\t\t<\/div>\n\t\t\t\t\t\t<\/div>\n\t\t\t\t<\/div>\n\t\t\t\t\t<\/div>\n\t\t<\/div>\n\t\t\t\t\t<\/div>\n\t\t<\/section>\n\t\t\t\t<section class=\"elementor-section elementor-top-section elementor-element elementor-element-26a25bc elementor-section-boxed elementor-section-height-default elementor-section-height-default\" data-id=\"26a25bc\" data-element_type=\"section\" data-e-type=\"section\">\n\t\t\t\t\t\t<div class=\"elementor-container elementor-column-gap-no\">\n\t\t\t\t\t<div class=\"elementor-column elementor-col-100 elementor-top-column elementor-element elementor-element-5c35a23\" data-id=\"5c35a23\" data-element_type=\"column\" data-e-type=\"column\">\n\t\t\t<div class=\"elementor-widget-wrap elementor-element-populated\">\n\t\t\t\t\t\t<div class=\"elementor-element elementor-element-17145fb elementor-widget elementor-widget-text-editor\" data-id=\"17145fb\" data-element_type=\"widget\" data-e-type=\"widget\" data-widget_type=\"text-editor.default\">\n\t\t\t\t<div class=\"elementor-widget-container\">\n\t\t\t\t\t\t\t\t\t<h2 style=\"text-align: center;\">Ch\u00ednh s\u00e1ch thanh to\u00e1n<\/h2><p style=\"text-align: justify;\"><strong>1. Giao h\u00e0ng v\u00e0 thanh to\u00e1n b\u1eb1ng ti\u1ec1n m\u1eb7t t\u1ea1i nh\u00e0<\/strong><\/p><ul style=\"text-align: justify;\"><li>Kh\u00e1ch h\u00e0ng \u1edf khu v\u1ef1c c\u00e1ch c\u1eeda h\u00e0ng, \u0111\u1ea1i l\u00fd c\u1ee7a c\u00f4ng ty d\u01b0\u1edbi 3km s\u1ebd \u0111\u01b0\u1ee3c nh\u00e2n vi\u00ean b\u00e1n h\u00e0ng giao h\u00e0ng \u0111\u1ebfn \u0111\u1ecba ch\u1ec9 c\u1ee7a kh\u00e1ch h\u00e0ng v\u00e0 nh\u1eadn ti\u1ec1n thanh to\u00e1n khi kh\u00e1ch h\u00e0ng \u0111\u00e3 h\u00e0i l\u00f2ng v\u00e0 \u0111\u1ed3ng \u00fd mua s\u1ea3n ph\u1ea9m.<\/li><li>C\u00e1c y\u00eau c\u1ea7u giao h\u00e0ng t\u1ea1i nh\u00e0 c\u1ea7n c\u00f3 th\u00f4ng tin ch\u00ednh x\u00e1c v\u1ec1 ng\u01b0\u1eddi nh\u1eadn, \u0111\u1ecba ch\u1ec9, s\u1ed1 \u0111i\u1ec7n tho\u1ea1i. M\u1ed9t s\u1ed1 tr\u01b0\u1eddng h\u1ee3p nh\u1ea1y c\u1ea3m nh\u01b0: gi\u00e1 tr\u1ecb \u0111\u01a1n h\u00e0ng l\u1edbn, th\u1eddi gian giao h\u00e0ng bu\u1ed5i t\u1ed1i, \u0111\u1ecba ch\u1ec9 giao h\u00e0ng trong ng\u00f5, khu v\u1ef1c xa trung t\u00e2m.. Nh\u00e2n vi\u00ean b\u00e1n h\u00e0ng s\u1ebd ki\u1ec3m tra v\u00e0 tho\u1ea3 thu\u1eadn th\u00eam, th\u1ed1ng nh\u1ea5t c\u00e1ch th\u1ee9c giao h\u00e0ng c\u1ee5 th\u1ec3.<\/li><\/ul><p style=\"text-align: justify;\"><strong>2. Thanh to\u00e1n chuy\u1ec3n kho\u1ea3n ng\u00e2n h\u00e0ng \u2013 giao h\u00e0ng qua d\u1ecbch v\u1ee5 chuy\u1ec3n ph\u00e1t nhanh<\/strong><\/p><ul style=\"text-align: justify;\"><li>V\u1edbi c\u00e1c \u0111\u1ecba ch\u1ec9 kh\u00f4ng thu\u1ed9c ph\u1ea1m vi n\u00eau tr\u00ean, kh\u00e1ch h\u00e0ng c\u00f3 th\u1ec3 thanh to\u00e1n tr\u01b0\u1edbc 100% gi\u00e1 tr\u1ecb s\u1ea3n ph\u1ea9m qua m\u1ed9t trong c\u00e1c t\u00e0i kho\u1ea3n c\u1ee7a C\u00f4ng ty, v\u1edbi th\u00f4ng tin chi ti\u1ebft nh\u01b0 sau:<br \/><ul style=\"text-align: justify;\"><li><span style=\"color: #ff0000;\"><strong><em>Ch\u1ee7 t\u00e0i kho\u1ea3n &#8220;Cong ty TNHH OPFE Viet Nam&#8221;<\/em><\/strong><\/span><\/li><li><span style=\"color: #ff0000;\"><strong><em>S\u1ed1 t\u00e0i kho\u1ea3n: 013257727 t\u1ea1i &#8220;Ngan hang TMCP Quoc Te Viet Nam (VIB) &#8211; Chi nhanh Minh Khai&#8221;<\/em><\/strong><\/span><\/li><\/ul><\/li><li>Ngay sau khi nh\u1eadn \u0111\u01b0\u1ee3c ti\u1ec1n thanh to\u00e1n qua chuy\u1ec3n kho\u1ea3n, nh\u00e2n vi\u00ean t\u01b0 v\u1ea5n s\u1ebd g\u1ecdi \u0111i\u1ec7n th\u00f4ng b\u00e1o tr\u1ef1c ti\u1ebfp t\u1edbi kh\u00e1ch h\u00e0ng v\u00e0 h\u1eb9n ng\u00e0y gi\u1edd giao h\u00e0ng. Tu\u1ef3 theo \u0111\u1ecba ch\u1ec9 c\u1ee7a kh\u00e1ch h\u00e0ng m\u00e0 th\u1eddi gian giao h\u00e0ng c\u00f3 th\u1ec3 t\u1eeb 12 \u0111\u1ebfn 72 gi\u1edd.<\/li><li>Trong tr\u01b0\u1eddng h\u1ee3p giao h\u00e0ng ch\u1eadm tr\u1ec5 m\u00e0 kh\u00f4ng b\u00e1o tr\u01b0\u1edbc, kh\u00e1ch h\u00e0ng c\u00f3 th\u1ec3 hu\u1ef7 \u0111\u01a1n h\u00e0ng v\u00e0 C\u00f4ng ty s\u1ebd ho\u00e0n tr\u1ea3 to\u00e0n b\u1ed9 s\u1ed1 ti\u1ec1n m\u00e0 kh\u00e1ch h\u00e0ng \u0111\u00e3 tr\u1ea3 trong th\u1eddi gian 07 ng\u00e0y.<\/li><li>S\u1ea3n ph\u1ea9m c\u00f3 gi\u00e1 tr\u1ecb bao g\u1ed3m thu\u1ebf Gi\u00e1 tr\u1ecb gia t\u0103ng tr\u00ean 20 tri\u1ec7u VN\u0110, theo Lu\u1eadt thu\u1ebf GTGT do Nh\u00e0 n\u01b0\u1edbc ban h\u00e0nh c\u1ea7n thanh to\u00e1n chuy\u1ec3n kho\u1ea3n. Kh\u00e1ch h\u00e0ng c\u00f3 th\u1ec3 g\u1ecdi cho nh\u00e2n vi\u00ean \u0111\u1ec3 \u0111\u01b0\u1ee3c t\u01b0 v\u1ea5n chi ti\u1ebft t\u1ea1i \u0111\u00e2y.<\/li><\/ul><p style=\"text-align: justify;\"><strong>3. Giao h\u00e0ng v\u00e0 thanh to\u00e1n tr\u1ef1c ti\u1ebfp t\u1ea1i Showroom<\/strong><strong>\u00a0<\/strong><strong>\/Nh\u00e0 ph\u00e2n ph\u1ed1i c\u1ee7a C\u00f4ng ty<\/strong><\/p><ul style=\"text-align: justify;\"><li>Kh\u00e1ch h\u00e0ng c\u00f3 th\u1ec3 y\u00eau c\u1ea7u gi\u1eef h\u00e0ng t\u1ea1i m\u1ed9t trong c\u00e1c Showroom \/Nh\u00e0 ph\u00e2n ph\u1ed1i.<\/li><li>S\u1ea3n ph\u1ea9m s\u1ebd \u0111\u01b0\u1ee3c chu\u1ea9n b\u1ecb \u0111\u1ea7y \u0111\u1ee7 sau kh\u00f4ng qu\u00e1 04 gi\u1edd, v\u00e0 \u0111\u01b0\u1ee3c gi\u1eef l\u1ea1i t\u1ea1i c\u1eeda h\u00e0ng kh\u00f4ng qu\u00e1 12 gi\u1edd k\u1ec3 t\u1eeb khi nh\u00e2n vi\u00ean t\u01b0 v\u1ea5n b\u00e1n h\u00e0ng x\u00e1c nh\u1eadn \u0111\u01a1n \u0111\u1eb7t h\u00e0ng c\u1ee7a kh\u00e1ch h\u00e0ng.<\/li><\/ul><p style=\"text-align: justify;\"><strong>4. Ph\u00ed v\u1eadn chuy\u1ec3n + ph\u00ed b\u1ea3o hi\u1ec3m s\u1ea3n ph\u1ea9m<\/strong><\/p><ul style=\"text-align: justify;\"><li>Ph\u00ed v\u1eadn chuy\u1ec3n: \u00c1p d\u1ee5ng theo ch\u00ednh s\u00e1ch v\u1eadn chuy\u1ec3n mi\u1ec5n ph\u00ed c\u1ee7a C\u00f4ng ty <a href=\"https:\/\/opfe.vn\/index.php\/van-chuyen\/\"><b><u>t\u1ea1i \u0111\u00e2y<\/u><\/b><\/a>.<\/li><li>Ph\u00ed b\u1ea3o hi\u1ec3m s\u1ea3n ph\u1ea9m: \u0110\u1ed1i v\u1edbi c\u00e1c s\u1ea3n ph\u1ea9m khi chuy\u1ec3n h\u00e0ng th\u00f4ng qua b\u00ean th\u1ee9 3 l\u00e0 c\u00f4ng ty c\u00f3 k\u00fd h\u1ee3p \u0111\u1ed3ng v\u1eadn chuy\u1ec3n v\u1edbi C\u00f4ng ty, kh\u00e1ch h\u00e0ng thanh to\u00e1n kho\u1ea3n ph\u00ed b\u1ea3o hi\u1ec3m s\u1ea3n ph\u1ea9m t\u00f9y theo gi\u00e1 tr\u1ecb c\u1ee7a s\u1ea3n ph\u1ea9m. Trong qu\u00e1 tr\u00ecnh v\u1eadn chuy\u1ec3n n\u1ebfu x\u1ea3y ra h\u1ecfng h\u00f3c, m\u1ea5t m\u00e1t, kh\u00e1ch h\u00e0ng s\u1ebd \u0111\u01b0\u1ee3c \u0111\u1ec1n b\u00f9 100% gi\u00e1 tr\u1ecb s\u1ea3n ph\u1ea9m t\u1ea1i th\u1eddi \u0111i\u1ec3m xu\u1ea5t b\u00e1n n\u1ebfu \u0111\u00f3ng b\u1ea3o hi\u1ec3m.<\/li><\/ul><p style=\"text-align: justify;\"><strong>5. C\u00e1c tr\u01b0\u1eddng h\u1ee3p kh\u00e1c<\/strong><\/p><ul><li style=\"text-align: justify;\">Kh\u00e1ch h\u00e0ng c\u00f3 y\u00eau c\u1ea7u chuy\u1ec3n h\u00e0ng qua b\u00ean th\u1ee9 3 kh\u00e1c nh\u01b0 nh\u00e0 xe, ng\u01b0\u1eddi quen, ho\u1eb7c \u0111\u01a1n v\u1ecb v\u1eadn chuy\u1ec3n kh\u00f4ng k\u00fd h\u1ee3p \u0111\u1ed3ng tr\u1ef1c ti\u1ebfp v\u1edbi C\u00f4ng ty. Chi ph\u00ed v\u00e0 m\u1ecdi r\u1ee7i ro trong qu\u00e1 tr\u00ecnh v\u1eadn chuy\u1ec3n do kh\u00e1ch h\u00e0ng ch\u1ecbu. Khi nh\u00e2n vi\u00ean giao h\u00e0ng c\u1ee7a C\u00f4ng ty b\u00e0n giao s\u1ea3n ph\u1ea9m cho b\u00ean th\u1ee9 3, th\u00ec kh\u00e1ch h\u00e0ng v\u00e0 \u0111\u1ed1i t\u00e1c v\u1eadn chuy\u1ec3n c\u1ee7a kh\u00e1ch h\u00e0ng c\u1ea7n x\u00e1c nh\u1eadn b\u1eb1ng \u0111i\u1ec7n tho\u1ea1i, tin nh\u1eafn SMS ho\u1eb7c tr\u00ean phi\u1ebfu xu\u1ea5t h\u00e0ng c\u1ee7a C\u00f4ng ty.<\/li><\/ul>\t\t\t\t\t\t\t\t<\/div>\n\t\t\t\t<\/div>\n\t\t\t\t\t<\/div>\n\t\t<\/div>\n\t\t\t\t\t<\/div>\n\t\t<\/section>\n\t\t\t\t<\/div>\n\t\t","protected":false},"excerpt":{"rendered":"<p>Thanh to\u00e1n Natural Excellence Nh\u1eefng n\u1ed9i dung ch\u00ednh: 1. Giao h\u00e0ng v\u00e0 thanh to\u00e1n b\u1eb1ng ti\u1ec1n m\u1eb7t t\u1ea1i nh\u00e0 2. Thanh to\u00e1n chuy\u1ec3n kho\u1ea3n ng\u00e2n h\u00e0ng \u2013 giao h\u00e0ng qua d\u1ecbch v\u1ee5 chuy\u1ec3n ph\u00e1t nhanh Ch\u1ee7 t\u00e0i kho\u1ea3n &#8220;Cong ty TNHH OPFE Viet Nam&#8221; S\u1ed1 t\u00e0i kho\u1ea3n: 013257727 t\u1ea1i &#8220;Ngan hang TMCP Quoc Te Viet [&hellip;]<\/p>\n","protected":false},"author":1,"featured_media":0,"parent":0,"menu_order":0,"comment_status":"closed","ping_status":"closed","template":"","meta":{"site-sidebar-layout":"no-sidebar","site-content-layout":"page-builder","ast-site-content-layout":"default","site-content-style":"default","site-sidebar-style":"default","ast-global-header-display":"","ast-banner-title-visibility":"","ast-main-header-display":"","ast-hfb-above-header-display":"","ast-hfb-below-header-display":"","ast-hfb-mobile-header-display":"","site-post-title":"disabled","ast-breadcrumbs-content":"disabled","ast-featured-img":"disabled","footer-sml-layout":"","ast-disable-related-posts":"","theme-transparent-header-meta":"enabled","adv-header-id-meta":"","stick-header-meta":"","header-above-stick-meta":"","header-main-stick-meta":"","header-below-stick-meta":"","astra-migrate-meta-layouts":"default","ast-page-background-enabled":"default","ast-page-background-meta":{"desktop":{"background-color":"","background-image":"","background-repeat":"repeat","background-position":"center center","background-size":"auto","background-attachment":"scroll","background-type":"","background-media":"","overlay-type":"","overlay-color":"","overlay-opacity":"","overlay-gradient":""},"tablet":{"background-color":"","background-image":"","background-repeat":"repeat","background-position":"center center","background-size":"auto","background-attachment":"scroll","background-type":"","background-media":"","overlay-type":"","overlay-color":"","overlay-opacity":"","overlay-gradient":""},"mobile":{"background-color":"","background-image":"","background-repeat":"repeat","background-position":"center center","background-size":"auto","background-attachment":"scroll","background-type":"","background-media":"","overlay-type":"","overlay-color":"","overlay-opacity":"","overlay-gradient":""}},"ast-content-background-meta":{"desktop":{"background-color":"var(--ast-global-color-5)","background-image":"","background-repeat":"repeat","background-position":"center center","background-size":"auto","background-attachment":"scroll","background-type":"","background-media":"","overlay-type":"","overlay-color":"","overlay-opacity":"","overlay-gradient":""},"tablet":{"background-color":"var(--ast-global-color-5)","background-image":"","background-repeat":"repeat","background-position":"center center","background-size":"auto","background-attachment":"scroll","background-type":"","background-media":"","overlay-type":"","overlay-color":"","overlay-opacity":"","overlay-gradient":""},"mobile":{"background-color":"var(--ast-global-color-5)","background-image":"","background-repeat":"repeat","background-position":"center center","background-size":"auto","background-attachment":"scroll","background-type":"","background-media":"","overlay-type":"","overlay-color":"","overlay-opacity":"","overlay-gradient":""}},"footnotes":""},"class_list":["post-1301","page","type-page","status-publish","hentry"],"aioseo_notices":[],"_links":{"self":[{"href":"https:\/\/opfe.vn\/index.php\/wp-json\/wp\/v2\/pages\/1301","targetHints":{"allow":["GET"]}}],"collection":[{"href":"https:\/\/opfe.vn\/index.php\/wp-json\/wp\/v2\/pages"}],"about":[{"href":"https:\/\/opfe.vn\/index.php\/wp-json\/wp\/v2\/types\/page"}],"author":[{"embeddable":true,"href":"https:\/\/opfe.vn\/index.php\/wp-json\/wp\/v2\/users\/1"}],"replies":[{"embeddable":true,"href":"https:\/\/opfe.vn\/index.php\/wp-json\/wp\/v2\/comments?post=1301"}],"version-history":[{"count":58,"href":"https:\/\/opfe.vn\/index.php\/wp-json\/wp\/v2\/pages\/1301\/revisions"}],"predecessor-version":[{"id":4242,"href":"https:\/\/opfe.vn\/index.php\/wp-json\/wp\/v2\/pages\/1301\/revisions\/4242"}],"wp:attachment":[{"href":"https:\/\/opfe.vn\/index.php\/wp-json\/wp\/v2\/media?parent=1301"}],"curies":[{"name":"wp","href":"https:\/\/api.w.org\/{rel}","templated":true}]}}